4)) + 5 + -6?
24
6 - (-81 - -41) - (3 - (0 - -1 - 7))
37
Evaluate -32 + 106 + -59 + 32.
47
82 + (-7 - (7 + -10)) - (-86 - -74)
90
Evaluate (38 - (-10 - -56)) + 6 + -1 - 41.
-44
What is the value of -1502 + 1510 - (2 - -7)?
-1
-16 + 8 + 59 + (60 - 44 - (-1 - -4))
64
Calculate (-2 - -2) + (9 + -1 - (5 - (1 + 15))).
19
Evaluate 27 + (77 - 76 - (0 + 0 - 3)) + 1.
32
What is 110 - 62 - 47 - -33?
34
What is (-11 - -36) + 32 + (13 - 32) + -166?
-128
Calculate 44 - (-5 + (14 + 1 - (-289 + 290))).
35
What is the value of 82 - (-27 + (-7 + 29 - (-14 + 21)))?
94
What is the value of (-2 + 7 + 1 - (211 + -201)) + (0 - -73)?
69
What is 19 - 78 - (-43 - 3)?
-13
-36 + -3 - (17 + (-75 - -50))
-31
Evaluate (13 - (5 + 0 + (39 - 35))) + 3 + -6.
1
What is -27 + -4 + -14 + 5 - (-2 + -14 + 2)?
-26
What is the value of (-25 - (-35 - -63) - 5) + -15 + 3 + 1?
-69
What is the value of -46 - (18 - (1 - (-11 - -19)))?
-71
Evaluate 1 + (20 - 36) + 109 + (13 - (0 - -1)).
106
What is the value of 3 + 62 + (2123 - 2107)?
81
What is (-1 - (-2 + -1)) + 4 + (108 + -57 - 111)?
-54
What is the value of 0 + 1 + 27 + 29 + -18 - (2 + -2)?
39
What is the value of 5 + (-32 - -15) + (-25 - -16)?
-21
Calculate -20 + 57 + (31 - (-4 + 12)).
60
82 - 0 - (-1 - 21 - (361 + -396))
69
What is the value of -27 + (12 - (-23 + 19)) + -27?
-38
Calculate (62 - -115) + -71 + -161.
-55
What is (1 - 2) + 37 + (57 + -139 - -77)?
31
Calculate -56 + 27 - (-130 + 125).
-24
Calculate (41 - 54) + -21 - -73 - 25.
14
What is the value of (17 - (-62 - 16)) + -102?
-7
What is the value of -47 - (115 + -141) - (90 - (0 - -3))?
-108
25 - 16 - (-17 + (21 - -54))
-49
What is 4 - -19 - ((-30 - -40) + (-1 - 6))?
20
Calculate -99 - (-14 + 4 + -22).
-67
1 - 73 - ((25 - (13 + 31)) + -1 - -10)
-62
Calculate 41 + (0 + 3 + 0 - (11 + 16 + -26)).
43
Evaluate 62 - (29 - 24 - -67).
-10
Calculate 32 - -2 - (-1583 - -1666).
-49
(-9 - 21) + (-50 - -161)
81
Evaluate (-9 - -1) + (16 + 0 - 43).
-35
Calculate 9 + -24 + 16 + -10 + 28 + 17.
36
What is the value of -89 - -44 - ((-19 - 15) + 20)?
-31
(-50 - -48 - (-8 + 3) - -3) + -108 - -10
-92
Calculate 90 + 20 + -127 - -90.
73
Calculate (-35 - (20 + 0)) + (26 - 23 - (13 + -1)).
-64
Calculate (123 - (-118 - -229)) + 0 + -1 + 15.
26
Evaluate -7 + -4 - (-7 - -24 - 14 - 10) - 47.
-51
What is 49 + (12 - 82) + 90?
69
What is -94 - 2 - (78 + (-65 - 10))?
-99
What is the value of (-20 - -1) + (-19 - (-8 - -3) - (-262 - -259))?
-30
What is the value of (-1 - -2) + 19 - (24 + -39 + -9 + 32)?
12
Calculate -21 + 2 - (-312 + 287) - 25.
-19
Calculate (8 - -48) + 5 + -17.
44
Calculate -122 - (-97 - (-48 + -10)).
-83
-8 - -3 - ((23 - -21) + (-15 - -8) + 11)
-53
Calculate 122 - (11243 + -11283 + (0 - -25 - 2)).
139
What is the value of -15 - 1 - (3 - 41 - 95)?
117
Calculate -3 + 37 + (49 - (34 + 5)).
44
-13 - ((4 - -2) + 35 + -11) - (2 + -3)
-42
What is the value of -21 + (-21 - ((-10 - -32) + -112))?
48
What is the value of -1321 + 1221 + (59 - 0)?
-41
What is -25 + -14 - (-32 + 50)?
-57
Calculate 215 - (95 - (104 + -123)).
101
Calculate 11 + (2 - 21) + -2 + (5 - -1).
-4
Calculate -14 - (-121 + -1 + (-15 - 0) + 14 - -8).
101
What is the value of (1 + (3 - -4) - -3) + (70 + 20 - 84)?
17
Calculate 56 + -23 + 23 + 4 + -32.
28
What is -9 + (0 - -1 - -36 - (-19 + -39 + 66))?
20
What is the value of 418 + -370 - (-2 + 0 + 20)?
30
Calculate (-26 + -3 - -28 - (-10 + 1)) + 3 + 4.
15
Evaluate 27 - (-31 + 113 + -37).
-18
Evaluate -2 + 4 - (28 - (-41 + 13)).
-54
(-5 - 12) + (0 - 0) - (40 + -3)
-54
Calculate -2534 - -2458 - (0 - 38).
-38
Evaluate 52 - (100 - (100 + 6)).
58
Calculate (-22 - (-1 + 2)) + -18669 + 18599.
-93
Evaluate -1 + 11 - (-1 + 7 - 21) - 6 - -1.
20
-12 + -6 + 19 + -32 + -7
-38
Calculate -14 - (-16 - (-13 + 16)) - (5 + 46).
-46
28 + (-22 - -45) - 13
38
-133 + 65 + 52 + 19
3
Calculate 52 - (-7 + (10 - 1 - (-344 - -340))).
46
Evaluate (6 - 56) + 125 + -3 + 0 + -15.
57
Evaluate (-161 - -204) + (-10 - 2).
31
What is the value of (114 + -134 - (-1 - -58)) + 0?
-77
Calculate -8 - (-269 - -128 - -115).
18
Evaluate (-848 - -885) + (-61 - 0).
-24
Evaluate 146 - -100 - 64 - 106.
76
What is the value of (59 - 62) + (-7 - -41) + 1 + 4?
36
What is (2 - 0) + 8 + -1 - (-5979 + 5986)?
2
What is -212 + 259 - (-3 - -7)?
43
Calculate (14 - 182) + (650 - 342).
140
Calculate (29 - (-6 + -6)) + (-3 - -10 - (2 - -1)).
45
What is the value of (2 - (1 + 2)) + -6 + (-35 - (-190 - -158))?
-10
What is (-7 - (1 + 1 + 0)) + (406 - 423) + 13?
-13
What is -10 + -52 + (-1 - (7 - (-4 + 7))) - -7?
-60
Evaluate 35 + 45 + (55 - 32).
103
What is the value of (33 - 1) + 84 + 90 + -160?
46
What is 13 - ((67 - (36 - -17)) + 0 + -14)?
13
Calculate (1 + -2 - (-4 + 2 + 1)) + 4858 + -4962.
-104
Calculate -21 + (-19 - -25) - -8.
-7
Calculate (-1 - -8) + -2 + 6 + (26 - 3).
34
Evaluate -7 + -3 + 18 + 186 + -192.
2
What is -30 + -215 + 99 - -41?
-105
What is -14 - (1 + -2) - (115 + -234 + 137)?
-31
What is the value of (10 - (0 - 0)) + (63 - (202 - 89))?
-40
What is -31 + 79 - (9 - -5)?
34
Evaluate -1 - ((0 - -8) + 3 - (-40 - (-21 - 8))).
-23
What is -53 - (15 + -39) - -3 - -1?
-25
Evaluate (18 + -2 - 1) + (4 + 9 - (1052 + -1065)).
41
What is the value of 4 + 1 - (28 + -43 - -23)?
-3
What is -4 + (-6 + 82 - (-25 + 12 + 11))?
74
Evaluate -3 + (-84 - (3 + (10 - -3))) + -5.
-108
(1 - -21) + (19 - -31 - 114)
-42
-37 + 35 + 3 + -32
-31
What is the value of -11 + 12 + 6 - (-258 + 301)?
-36
What is 3 + 14 + -16 - (3 + 1 + 1 + -35)?
31
-17 + 7 + (-42 - -2 - -43)
-7
Calculate (-27 - -25) + 43 - -13.
54
Evaluate -25 - 3 - (31 + 6 + -116).
51
What is -2 - (36 - 0) - (-11147 - -11065)?
44
What is the value of -42 - (45 - -25) - -82?
-30
(8 - -9) + -73 + -1 + 14 + (-6 - 7)
-56
What is the value of -90 + 30 + -7 - -103?
36
-34 - -30 - (-41 + -5 - -104)
-62
What is 65 + 3 + 1086 + -1147?
7
What is the value of -8 - (-26 + 41) - (0 + -48)?
25
What is the value of -100 + 29 + (3 - 1) + 3 + -5?
-71
Calculate 362 - 381 - (-12 + (-1 - 1)).
-5
-38 - (45 - (47 + -27))
-63
What is the value of (19 - 13 - 9 - 0) + -3 - 20?
-26
10 + (2 + -90 - ((-18 - -12) + 0)) + -13
-85
4 - 15 - (0 + -23 + -15 + 7)
20
Evaluate 0 + 1 + -1 - (-327 - -303) - (-4 - -1).
27
What is 3 + -9 - ((37 - -34) + 8)?
-85
-35 + (14 - (18 + -29))
-10
What is the value of -43 + (13 - (22 + 12)) + 46?
-18
(-27 - (-66 + -15)) + -96
-42
What is the value of -75 + 11 + (26 - 36) + -5?
-79
Evaluate -74 - (22 + -16 - 21) - (-2 + 0) - 0.
-57
Calculate -6 + (45 + -50 + (3 - -11 - 4) - -5).
4
Calculate 9 - (8 + -26 - 3) - 3.
27
Evaluate -3 + 2 + 66 + (-20 - (25 - 23) - -8).
51
Evaluate 42 + (-47 - -48) - (-10 - (6 + -4)).
55
Evaluate -2408 + 2440 - (3 + -4 + (-4 - -9)).
28
What is 15 - -54 - 33 - 70 - 15?
-49
Evaluate 1 + 10 - (1 + -36 - (-373 - -335)).
8
What is the value of -16 - (-11 + 36) - 56?
-97
What is the value of (-32 - (-41 + (-18 - 6))) + -19?
14
Calculate ((-10 - -17) + -8 - 2) + 3 + -5.
-5
(4 - (23 + -35)) + (-87 - (17 + -1))
-87
Calculate -24 - (51 + -59 + -20).
4
What is the value of (5739 - 5720) + -40 + -1?
-22
Evaluate (-1 - (4 + (3 - 0) + 12)) + 0.
-20
Calculate -11 + -30 + (45 - 23 - 23).
-42
Evaluate (59 + -168 - -66) + -5.
-48
Calculate (26 - 69 - -139) + -109.
-13
-52 + 271 + -215 - (0 - -56)
-52
46 + -8 + 5 + 5 + (5 - -10 - 11)
52
Evaluate 103 + (-40 - 29 - -9).
43
What is the value of -25 + 1 + -3 + 19 + (-285 - -280)?
-13
240 + -233 - (-1 + -5) - 32
-19
7 - (837 + -750 - (-2 - (-3 - -2)))
-81
(-54 - -60 - 49) + 102
59
Evaluate -50 - 1 - (-223 - -208).
-36
Calculate -1 + 28 - (36 + (-19 + 15 - 16)).
11
What is -5 - (-4 - (14 - 57)) - (-5 - -4 - 6)?
-37
What is the value of -7 + (48 - (-10 + 19 - (-3 + -2 + 7)))?
34
Evaluate -5 - (-1 + 1 - (24 + 51 + -1 + -23)).
46
What is -27 - (40 + -89 + -15)?
37
Calculate (2 - 1) + 2 + (-50 - -44) + -48 + 58.
7
Evaluate -8 - (88 + (-7 - ((13 - -8) + -32))).
-100
(-5870 - -5924) + (-4 - -2) + 2 + 8
62
What is 33 + 3 - (9 + 8 - 19 - -2)?
36
Evaluate -1 + 3 - 86 - ((2 - (26 - 21)) + 3).
-84
What is the value of 59 - (-41 + 13 - -59)?
28
What is the value of 93 + -5 + (-24 - (20 + -26))?
70
Evaluate -20 - -25 - (-23 - -21).
7
What is 61 + (-19 - -39) - (2 + 8 + 3)?
68
Calculate 41 - (7 + 22) - (28 - (2 + 5) - -7).
-16
Calculate -13 - (-28 - -14 - (